culate l(-4).
-314
Let w(p) = -p**2 + 33*p + 86. What is w(38)?
-104
Let d(z) = 6*z**3 - 193*z**2 + 18*z + 41. What is d(32)?
-407
Let z(q) = 18*q + 116. Calculate z(-6).
8
Let x(o) = -2*o**2 + 47*o + 104. Determine x(25).
29
Let a(t) = 41*t + 1765. Give a(-42).
43
Let w(d) = d**3 - 7*d**2 + 29*d - 21. Give w(3).
30
Let o(h) = -h**3 - 31*h**2 - 26*h - 804. Give o(-31).
2
Let q(b) = -20*b**2 + 243*b + 3. What is q(12)?
39
Let t(v) = 670*v + 25480. Determine t(-38).
20
Let d(j) = 20*j - 55. Calculate d(9).
125
Let l(t) = -2*t**3 + 53*t**2 - 7*t - 498. Give l(26).
-4
Let d(l) = l**3 - 2*l - 85. Calculate d(0).
-85
Let o(k) = -3*k**2 + 312*k - 2037. Calculate o(97).
0
Let w(f) = -15788*f + 63160. What is w(4)?
8
Let s(a) = -16*a + 425. Give s(33).
-103
Let p(f) = 1150*f + 17241. Determine p(-15).
-9
Let b(v) = -v**3 - 9*v**2 + 15*v + 160. Give b(-8).
-24
Let k(w) = -32*w + 410. Calculate k(14).
-38
Let r(c) = 431*c + 11238. Calculate r(-26).
32
Let a(c) = -5*c**2 + c - 2. Determine a(2).
-20
Let c(w) = -w**2 - 8*w + 269. Calculate c(14).
-39
Let k(c) = -40*c + 1443. Give k(36).
3
Let u(z) = -z**3 - 42*z**2 - 188*z + 190. What is u(-6)?
22
Let o(w) = 3232*w - 58179. Determine o(18).
-3
Let r(v) = 5*v**2 + 82*v - 52. Calculate r(-17).
-1
Let z(v) = 5*v + 178. Calculate z(-15).
103
Let m(n) = n**3 - 6*n**2 - 24*n + 105. Give m(7).
-14
Let b(j) = j**3 + 8*j**2 - 15*j - 122. What is b(-4)?
2
Let s(u) = 16*u + 91. What is s(-19)?
-213
Let g(x) = -x**3 + 32*x**2 + 106*x - 43. Determine g(35).
-8
Let l(p) = 4*p**2 - 248*p + 249. Calculate l(1).
5
Let c(n) = -n**3 + 41*n**2 + 46*n - 68. Calculate c(42).
100
Let v(c) = -c**3 - 167*c**2 + 893*c - 160. Determine v(5).
5
Let h(r) = r**2 + 61*r + 325. Determine h(-6).
-5
Let n(h) = h**3 + 54*h**2 - 54*h + 154. What is n(-55)?
99
Let r(i) = -137*i**2 + 1088*i + 17. Determine r(8).
-47
Let z(i) = -i**2 + 5*i + 387. Calculate z(22).
13
Let k(v) = 85*v**2 + 508*v - 4. Determine k(-6).
8
Let d(c) = c**3 + 4*c**2 - 61*c - 226. Give d(-4).
18
Let r(v) = -91*v - 22030. Give r(-242).
-8
Let j(z) = -56*z + 1667. Give j(29).
43
Let z(g) = -78*g + 310. Calculate z(4).
-2
Let u(y) = 2*y**3 + 4*y**2 - y - 2. What is u(-4)?
-62
Let j(t) = 908*t - 27228. Calculate j(30).
12
Let n(z) = -13*z - 98. Determine n(-11).
45
Let x(v) = v**2 + 12*v + 20. Give x(6).
128
Let j(d) = -d**3 + 69*d**2 - 262*d + 181. Give j(65).
51
Let q(j) = 32*j + 1949. Give q(-59).
61
Let i(p) = 7*p**2 - 36*p - 4. Calculate i(7).
87
Let h(m) = -31*m - 47. Determine h(-2).
15
Let j(c) = -1431*c - 94440. Calculate j(-66).
6
Let j(o) = 2*o - 63. Give j(29).
-5
Let y(c) = -c**3 - 14*c**2 - 54*c - 52. Give y(-8).
-4
Let b(a) = a**2 - 107*a + 2094. Give b(26).
-12
Let r(v) = 12*v + 211. What is r(-23)?
-65
Let w(c) = -46*c - 3892. What is w(-84)?
-28
Let j(z) = 11*z - 155. Determine j(11).
-34
Let a(i) = i**2 - 95*i + 875. Calculate a(85).
25
Let z(q) = -q**2 + 121*q + 2387. Give z(139).
-115
Let y(k) = -20*k - 91. Calculate y(-5).
9
Let a(l) = -224*l + 1794. Determine a(8).
2
Let s(y) = -104*y**2 - 6*y + 1. What is s(1)?
-109
Let o(u) = 2*u**2 + 37*u + 25. Give o(-18).
7
Let t(q) = q**3 - 25*q**2 - 82*q + 2. Calculate t(28).
58
Let k(a) = a**3 - 4*a**2 + 3*a - 4. Calculate k(4).
8
Let p(x) = 276*x + 300. What is p(-2)?
-252
Let b(n) = -199*n - 24. Determine b(0).
-24
Let y(h) = -3*h**2 - h - 15. What is y(2)?
-29
Let r(s) = -s**2 + 107*s + 53. Calculate r(0).
53
Let z(m) = 67*m**2 - 4*m - 1. Give z(-2).
275
Let g(j) = j**3 - 7*j**2 - 8*j - 9. Calculate g(7).
-65
Let j(t) = -2*t**2 + 3*t + 44. What is j(0)?
44
Let q(z) = z**2 + 16*z - 35. What is q(-5)?
-90
Let j(c) = -37*c + 2335. What is j(61)?
78
Let l(u) = -1662*u - 4993. What is l(-3)?
-7
Let o(w) = 74*w**2 + 109*w - 4. What is o(-2)?
74
Let r(q) = -101*q + 7263. Calculate r(72).
-9
Let v(o) = -3*o**2 - 41*o + 1274. Calculate v(15).
-16
Let d(w) = -50*w - 1689. Calculate d(-35).
61
Let y(v) = -10*v + 50. What is y(-4)?
90
Let o(b) = -301*b + 3386. What is o(11)?
75
Let r(s) = s**2 - 495*s + 59533. What is r(206)?
-1
Let n(r) = 2*r**3 + 22*r**2 - 111*r + 25. What is n(-15)?
-110
Let q(z) = 3*z**2 + 15*z - 40. What is q(10)?
410
Let q(b) = -301*b + 12035. Calculate q(40).
-5
Let p(m) = 6*m**2 + 78*m - 2. Determine p(-12).
-74
Let c(z) = -2*z**3 + 105*z**2 + 54*z - 114. Determine c(53).
-61
Let z(w) = 24*w**2 - 9*w - 5. Calculate z(-1).
28
Let g(c) = -103*c - 478. Give g(-4).
-66
Let f(i) = -701*i + 4226. Determine f(6).
20
Let g(n) = 6*n**2 - 17*n - 13. What is g(6)?
101
Let h(z) = -6*z - 109. Give h(-17).
-7
Let b(h) = h**2 + 126*h + 1696. Give b(-111).
31
Let x(o) = 823*o + 8206. What is x(-10)?
-24
Let a(k) = k**2 - 131*k - 3540. What is a(-23)?
2
Let d(s) = 366*s + 2912. Calculate d(-8).
-16
Let k(z) = z**3 + 29*z**2 + 38*z - 422. Calculate k(-27).
10
Let x(i) = -130*i + 110. Calculate x(1).
-20
Let d(i) = i**3 - 14*i**2 + 39*i + 1. Determine d(4).
-3
Let k(q) = -164*q + 5751. What is k(35)?
11
Let x(s) = 45*s - 1371. Calculate x(32).
69
Let k(d) = 345*d + 1746. Calculate k(-5).
21
Let p(x) = 7*x - 59. Calculate p(0).
-59
Let g(o) = 4*o**2 - 22*o + 11. What is g(9)?
137
Let w(s) = 4*s**2 - 94*s - 602. Calculate w(-7).
252
Let v(u) = -u**3 + 5*u**2 - 82*u + 2428. What is v(13)?
10
Let o(f) = -f**2 - 20*f + 21. Give o(1).
0
Let i(v) = -275*v + 10972. Determine i(40).
-28
Let g(k) = k**2 - 53*k + 406. Calculate g(9).
10
Let w(g) = -g**2 + 17*g + 160. Give w(-6).
22
Let g(k) = 4*k**2 + 781*k + 6881. Calculate g(-186).
-1
Let a(q) = -2*q**2 + 65. What is a(7)?
-33
Let h(q) = 183*q + 733. Calculate h(-4).
1
Let s(r) = r**3 + 11*r**2 - 118*r - 1281. Determine s(-11).
17
Let g(a) = -3*a**2 - a + 155. Give g(7).
1
Let n(b) = b**3 + 11*b**2 - 48*b - 332. Calculate n(-6).
136
Let h(k) = -21*k + 166. Calculate h(7).
19
Let j(t) = t**2 + 8*t - 26. Calculate j(2).
-6
Let q(c) = 428*c**2 + 41942*c - 236. Determine q(-98).
-40
Let z(f) = -f**2 - 1040*f - 25377. What is z(-25)?
-2
Let g(n) = -3*n**2 + 38*n - 31. Give g(5).
84
Let h(k) = 51*k**2 + 3*k + 131. Calculate h(0).
131
Let q(f) = f**2 + 123*f - 1747. What is q(-136)?
21
Let o(w) = -w - 94. Calculate o(22).
-116
Let q(s) = -2*s**2 - 2019*s + 6070. Determine q(3).
-5
Let c(w) = -w**3 - 9*w**2 - 69*w - 186. Give c(-4).
10
Let b(s) = 337*s + 155690. Calculate b(-462).
-4
Let b(l) = -2*l**2 - 27*l - 69. What is b(-4)?
7
Let k(p) = -4*p**2 - 26*p - 98. Calculate k(-7).
-112
Let a(p) = 1082*p + 5404. Give a(-5).
-6
Let g(w) = -121*w + 1572. What is g(13)?
-1
Let t(n) = n**2 + 24140*n + 168934. Calculate t(-7).
3
Let a(y) = -320*y + 325. What is a(1)?
5
Let q(x) = 3*x**3 + 205*x**2 + 62*x - 413. Give q(-68).
-5
Let d(a) = -161*a - 1049. Determine d(-6).
-83
Let y(q) = 140*q + 145. Give y(-1).
5
Let c(p) = -71*p + 1201. Calculate c(17).
-6
Let v(m) = m**2 - 450*m + 3095. Give v(7).
-6
Let g(n) = 6*n**3 - 80*n**2 + 31*n - 62. Determine g(13).
3
Let x(o) = -358*o - 2497. Determine x(-7).
9
Let i(l) = -222*l + 2287. Give i(10).
67
Let x(q) = 60*q**2 + 121*q + 469. Give x(-4).
945
Let x(i) = i**2 - 12*i - 35. Calculate x(13).
-22
Let u(d) = 2*d**3 + d**2 - 12*d - 5. What is u(5)?
210
Let n(r) = 459*r + 13814. Determine n(-30).
44
Let u(r) = 4738*r - 227422. Give u(48).
2
Let m(b) = 22*b - 322. What is m(13)?
-36
Let t(j) = -j**2 - 18*j - 38. What is t(-8)?
42
Let r(i) = 34*i + 367. What is r(-11)?
-7
Let c(w) = -4*w + 8. What is c(30)?
-112
Let h(z) = -z**3 - 3*z**2 + 95*z + 246. Give h(-10).
-4
Let b(r) = r**3 + 34*r**2 + 244*r - 74. Determine b(-24).
-170
Let s(k) = -2*k**3 - 2*k**2 + 14*k - 10. Give s(2).
-6
Let d(j) = -j**2 + 17*j + 52. Give d(-4).
-32
Let m(f) = -f**3 - 20*f**2 - 117*f - 1495. Calculate m(-18).
-37
Let k(f) = -f**2 + 242*f + 5248. Determine k(-20).
8
Let q(v) = v**3 - 71*v**2 + 1127*v + 16. What is q(24)?
-8
Let c(b) = 811*b + 27523. Calculate c(-34).
-51
Let j(r) = 68*r + 2034. Determine j(-30).
-6
Let s(f) = 2*f - 512. Calculate s(261).
10
Let u(c) = c**3 - 31*c**2 - 227*c + 4260. What is u(34)?
10
Let y(d) = 3*d**2 + 32*d + 30. What is y(-1)?
1
Let u(n) = 211*n**2 - 1686*n - 11. Determine u(8).
5
Let s(i) = 1121*i - 6691. What is s(6)?
35
Let o(k) = -k**2 + 64*k + 6011. What is o(116)?
-21
Let d(l) = 135*l + 470. Calculate d(-7).
-475
Let m(v) = -